e
Is 402927781 prime?
True
Is 25868567 composite?
False
Is 2700511 composite?
True
Is 408424301 prime?
False
Is 2975227 a composite number?
False
Is 38973923 a composite number?
False
Is 36738083 composite?
False
Is 2159431 prime?
False
Is 133793753 a prime number?
True
Is 35192207 a composite number?
False
Is 14761133 a prime number?
True
Is 6307943 a composite number?
True
Is 1667013 a prime number?
False
Is 3425151 a composite number?
True
Is 6352547 composite?
False
Is 10591601 a prime number?
False
Is 2683621 prime?
True
Is 2000081 composite?
False
Is 9464969 prime?
False
Is 166469617 prime?
True
Is 58341201 a prime number?
False
Is 17433293 prime?
False
Is 96958583 a composite number?
False
Is 2292911 prime?
False
Is 7929997 a composite number?
False
Is 64045909 a composite number?
False
Is 43927229 a composite number?
False
Is 54406903 prime?
False
Is 24126457 prime?
False
Is 266355791 prime?
False
Is 44728681 a composite number?
False
Is 647503 composite?
False
Is 25131671 a composite number?
False
Is 3882899 prime?
True
Is 80489 composite?
False
Is 66159139 a prime number?
True
Is 119227 a composite number?
False
Is 30596759 composite?
False
Is 56219329 composite?
True
Is 45241367 a prime number?
True
Is 1224779 a composite number?
True
Is 2242271917 prime?
True
Is 578597 composite?
False
Is 9050861 prime?
True
Is 1248449 a prime number?
True
Is 21404447 composite?
True
Is 64538843 composite?
True
Is 3733271 prime?
True
Is 5959721 prime?
True
Is 31880413 a composite number?
False
Is 2627134 composite?
True
Is 604222 prime?
False
Is 13257443 prime?
True
Is 22999369 a prime number?
True
Is 429203 a prime number?
False
Is 647444647 a composite number?
False
Is 192953617 composite?
True
Is 22422679 a prime number?
False
Is 422195359 prime?
True
Is 10429223 a composite number?
True
Is 4238989 prime?
True
Is 56135393 composite?
False
Is 23501663 a prime number?
True
Is 16108583 a composite number?
False
Is 2173079 composite?
False
Is 5875783 a prime number?
False
Is 5424571 a composite number?
True
Is 2663273 a composite number?
True
Is 206153 prime?
True
Is 3556811 prime?
True
Is 5425534 a prime number?
False
Is 688925507 a prime number?
True
Is 5280299 prime?
False
Is 1293511 composite?
True
Is 424313 composite?
False
Is 7100453 prime?
True
Is 3240577 composite?
False
Is 1099171 prime?
True
Is 11786857 a composite number?
False
Is 5225717 prime?
False
Is 707249 a composite number?
False
Is 9848705 composite?
True
Is 1081731553 prime?
False
Is 12448357 a prime number?
True
Is 2641003 a composite number?
True
Is 3434759 prime?
True
Is 280630289 a prime number?
True
Is 194268661 a composite number?
True
Is 7791097 a composite number?
False
Is 21610871 composite?
False
Is 122543389 prime?
True
Is 6380589 a prime number?
False
Is 925637803 composite?
False
Is 7108009 prime?
True
Is 263299319 a prime number?
True
Is 86808763 a prime number?
True
Is 336686367 a prime number?
False
Is 30136787 a composite number?
True
Is 102036955 a composite number?
True
Is 11290991 a prime number?
True
Is 3035239 a prime number?
True
Is 2305207 composite?
True
Is 2461141 composite?
True
Is 368938187 a prime number?
False
Is 16405057 composite?
False
Is 2404211 prime?
True
Is 224534311 a composite number?
False
Is 982978 composite?
True
Is 14565631 a prime number?
True
Is 6931217 composite?
True
Is 12069011 a composite number?
False
Is 237562823 prime?
False
Is 23810207 prime?
True
Is 33076139 prime?
False
Is 31404997 prime?
False
Is 3968617 composite?
False
Is 44283859 a prime number?
True
Is 27801661 prime?
True
Is 25368967 composite?
True
Is 19020431 prime?
True
Is 8471053 prime?
True
Is 25047589 composite?
True
Is 9316451 a composite number?
False
Is 25261777 a composite number?
False
Is 635754289 composite?
True
Is 193251579 composite?
True
Is 2605387 composite?
False
Is 1933511 a composite number?
False
Is 2433749 composite?
True
Is 3781711 a prime number?
True
Is 7993537 a prime number?
True
Is 3226319 a composite number?
False
Is 760442209 a composite number?
True
Is 21265 composite?
True
Is 788297 a prime number?
False
Is 6139199 composite?
True
Is 216416195 prime?
False
Is 3473097 a composite number?
True
Is 184891969 a prime number?
False
Is 199611341 a composite number?
True
Is 136484749 prime?
False
Is 49994062 composite?
True
Is 4163747 a composite number?
True
Is 1681969 a prime number?
False
Is 2052202 prime?
False
Is 30700169 prime?
False
Is 1022579 a prime number?
False
Is 13729321 prime?
False
Is 260646031 prime?
True
Is 47702359 composite?
True
Is 28743131 composite?
False
Is 1574899 prime?
False
Is 8852379 prime?
False
Is 46012913 prime?
True
Is 18608969 a composite number?
False
Is 3142019 a composite number?
False
Is 35138633 a prime number?
False
Is 387789665 a prime number?
False
Is 96129083 a prime number?
True
Is 862207 a prime number?
True
Is 14335207 a prime number?
True
Is 432349 a composite number?
False
Is 17236321 a composite number?
False
Is 30569579 composite?
True
Is 233471 prime?
False
Is 24539327 a composite number?
True
Is 15925891 prime?
False
Is 408139 prime?
False
Is 1578679 a composite number?
True
Is 29272405 prime?
False
Is 545238574 prime?
False
Is 80507989 composite?
False
Is 422994589 a composite number?
False
Is 294640183 prime?
True
Is 1968331 a prime number?
True
Is 13627109 prime?
False
Is 25637489 a prime number?
True
Is 11664883 composite?
True
Is 77825219 prime?
False
Is 983233 a composite number?
False
Is 425665 a prime number?
False
Is 1234530211 a prime number?
True
Is 179269 a composite number?
False
Is 125753699 a composite number?
False
Is 11751031 a composite number?
False
Is 39454153 prime?
True
Is 25985551 a composite number?
False
Is 6267265 a prime number?
False
Is 57954011 composite?
False
Is 57671857 a prime number?
True
Is 630623 prime?
False
Is 2778967 prime?
True
Is 7613047 a prime number?
False
Is 1701383 prime?
False
Is 551398541 composite?
False
Is 974923 composite?
False
Is 92818769 a composite number?
False
Is 170872309 composite?
False
Is 20670421 a prime number?
True
Is 136728341 a composite number?
True
Is 5388959 a prime number?
False
Is 131625973 a prime number?
False
Is 2240393 prime?
False
Is 109703657 a composite number?
True
Is 596411 a composite number?
True
Is 14633669 a composite number?
True
Is 39475621 composite?
True
Is 36661867 a composite number?
True
Is 792359 a prime number?
True
Is 6859311 a prime number?
False
Is 311653 a prime number?
True
Is 367933409 a prime number?
True
Is 173153095 prime?
False
Is 13768547 a composite number?
True
Is 513809 composite?
True
Is 407921719 prime?
False
Is 1569551 a prime number?
True
Is 1648319707 a composite number?
False
Is 536095951 prime?
False
Is 257592607 prime?
True
Is 30868391 prime?
True
Is 204636805 a composite number?
True
Is 26769971 prime?
True
Is 21417987 a prime number?
False
Is 5050091 composite?
False
Is 239903 composite?
True
Is 28091249 a composite number?
False
Is 353872661 composite?
False
Is 23192753 prime?
True
Is 9918683 prime?
True
Is 96369101 prime?
True
Is 6160015 prime?
False
Is 68184791 prime?
False
Is 57001351 a composite number?
True
Is 12564485 a prime number?
False
Is 17741279 prime?
True
Is 102875127 a composite number?
True
Is 381090079 composite?
True
Is 18837173 prime?
False
Is 235637859 a prime number?
False
Is 39393127 composite?
False
Is 2717959 composite?
True
Is 3438821 a prime number?
True
Is 46788317 a prime number?
False
Is 658942 a composite number?
True
Is 284917921 a composite number?
False
Is 31546709 a prime number?
True
Is 2595629 a prime number?
True
Is 5492351 a composite number?
False
Is 5692957 a composite number?
False
Is 927573761 prime?
True
Is 156160603 prime?
True
Is 5154343 a composite number?
False
Is 3149821 composite?
False
Is 33082937 a composite number?
False
Is 3172985 composite?
True
Is 388434617 prime?
False
Is 61216601 a composite number?
False
Is 243691313 prime?
True
Is 4151629 prime?
True
Is 683489 a composite number?
False
Is 63966061 prime?
True
Is 41198117 a prime number?
True
Is 94228033 a prime number?
False
Is 16127461 a composite number?
True
Is 4495397 a composite number?
False
Is 15492941 composite?
False
Is 56167703 a composite number?
False
Is 7